3) + 3 - 0).
4
What is (-1 + 1 - (-2 - -2)) + 1?
1
Calculate (0 - (-7 + 5)) + -2.
0
-2 + -6 + 9 - -5
6
Calculate 9 + -9 + (1 + -1 - 0).
0
What is the value of -28 - -30 - (1 + 0 + 3)?
-2
Calculate 2 - ((-4 - -4) + 0 + -3).
5
What is 0 + 1 + -3 + (-4 - -1)?
-5
2 - 1 - (-6 + 4)
3
What is 8 + 5 + -9 + -11?
-7
Calculate 8 + (7 - 7) + -4.
4
What is (-13 + 13 - (1 + 1)) + 2?
0
Calculate 1 + -3 + (3 - -3) + -6.
-2
Calculate 0 + 0 - (-6 - -4).
2
What is -14 + 23 + (-2 - 1)?
6
What is the value of (70 - 65) + (0 - (1 - 1))?
5
Calculate (3 - (2 + -5)) + -5.
1
Calculate 4 + (-1 + 1 - 10) + 1.
-5
What is 7 + 4 + (-16 + 4 - -6)?
5
(7 - 6) + 3 - 10
-6
What is -7 + 4 - -7 - 7?
-3
What is -10 + 8 - 2 - (2 + -9)?
3
What is the value of 0 + 1 - (-7 + 12 - 11)?
7
What is 1 + 10 - 7 - (10 + -1)?
-5
Calculate 5 + (7 - 6) + (-6 - -2).
2
2 - 8 - (7 - 10)
-3
-2 - (8 + (-1 - 3) - 1)
-5
3 + (-1 - 2) + 0
0
0 - (-8 + 6) - -3
5
Evaluate 3 + -8 + 2 - (-2 + 4).
-5
Evaluate 4 + (-2 - (1 + -1 - -2)).
0
(9 - -5) + -14 + -10
-10
Evaluate 7 + (-17 - -6) - (0 + -1).
-3
(3 - -2) + (8 - 13 - 3)
-3
What is 2 + 7 + -2 + 4 + -6?
5
Evaluate (-3 - -1 - (-21 - -24)) + 0.
-5
Evaluate 7 + -7 + 2 - -2.
4
(-1 - (2 + 2 - 1)) + 8
4
What is -2 + (-1 + -1 - (5 - 2))?
-7
What is the value of -2 - -1 - 1 - -7?
5
What is the value of 4 - (-11 + (-9 - -20))?
4
What is 3 + -7 + 2 + 6 + -9?
-5
Evaluate 15 - -12 - 20 - (1 - 4).
10
What is the value of (1 + -2 - 8) + 5 - -1?
-3
What is the value of 7 + (2 - 2 - 3) - 9?
-5
What is (6 - 3) + -1 - (-6 + 12)?
-4
What is -4 + -2 + 13 - 6?
1
What is (-8 - (-8 - -4)) + 0?
-4
What is the value of 5 + -3 + (5 - 18 - -3)?
-8
What is the value of -7 - (-6 + -1) - -6?
6
Calculate -40 + 31 - (-7 + 0).
-2
-3 - (-4 + (-4 - -1) - -4)
0
Evaluate (1 - -2) + (-3 - (15 + -8)).
-7
What is the value of -3 + 1 + -1 + 0 - -8?
5
What is the value of -6 + (0 - -2) + 0?
-4
(-5 - -6 - 5) + -1 - -1
-4
Evaluate 5 - (4 - 2 - (1 - 3)).
1
What is the value of 2 - (0 - 1) - -1?
4
What is the value of 1 - (-2 + 6) - -6 - 1?
2
What is the value of 1 + (-1 - 5) + 7?
2
What is the value of -2 + (-5 - -6) - 4?
-5
Calculate 2 + 1 + 4 + -4.
3
What is the value of (-6 - -4) + 0 + -1?
-3
-7 + (5 - -1 - 0)
-1
(3 - (1 + -2)) + 0
4
Calculate 0 + 3 + 4 + -5 - 0.
2
Calculate 8 - (-1 - -4 - 1).
6
Evaluate -1 + 1 + 2 + -4 - 3.
-5
Calculate 2 + (-1 - -4 - (3 - 5)).
7
18 - (16 - (-1 - -5))
6
6 - (-3 + 6) - 4
-1
Calculate (-4 - -4) + -1 + -3.
-4
What is the value of 17 + (8 - (-7 + 26))?
6
What is the value of -2 - (4 + -4 - 1 - -1)?
-2
What is the value of -4 + (-2 + 6 - 1) + -4?
-5
Evaluate 15 - 9 - (15 + -7 + 3).
-5
Calculate 1 - 0 - (5 + (-13 - -10)).
-1
Evaluate -4 + 1 + -4 + -17 + 20.
-4
What is 5 + 4 - (1 + 0 - -4)?
4
Calculate 3 + -2 + -10 + 5.
-4
Calculate 6 + (-16 - -2 - -5).
-3
Calculate -3 - ((3 - 8) + 0 + 1).
1
What is (5 - (-16 + 8 + 11)) + 6?
8
What is 4 - (3 - -3) - (-3 - -2)?
-1
-24 - -26 - ((-3 - 0) + -4)
9
What is -3 - -2 - (-2 + 0)?
1
Calculate 1 + 1 + -2 + 7 + -4.
3
6 + (5 - (-6 + 24) - -2)
-5
(-8 + 12 - (-1 - -2)) + -7
-4
Calculate -1 + 9 + -15 + 5.
-2
Evaluate -6 + (-2 - -4) + -1.
-5
1 + 3 + (5 + -10 - -5)
4
What is (23 - (7 + 3)) + -14?
-1
Evaluate 0 + 4 - (-160 - -170).
-6
What is -7 - (-3 + 5 + -10)?
1
-6 + 2 + 8 - 4
0
Evaluate -8 - (-12 + (-4 - -4)).
4
Evaluate 4 + -6 + 2 + 5 + -1.
4
What is 3 - 9 - (-8 + 1)?
1
Calculate 4 + -2 + -1 + 4.
5
Evaluate 7 + (7 - (-8 + 15)).
7
What is the value of 0 + 3 + -1 + -2 + -1?
-1
What is the value of 0 - (3 - (-4 - -4))?
-3
-6 + 3 - (1 + -5)
1
What is the value of (-1 + 6 - (23 - 21)) + -5?
-2
(13 - (1 + 3) - 5) + -3
1
(-3 + (-4 - 1) - -12) + 2
6
24 - 23 - (3 - -8)
-10
Calculate 58 + -56 + (-1 - 3) + 1.
-1
What is 1 + 3 + -3 - (7 - 1)?
-5
-4 + 6 + -7 + 7
2
What is the value of -2 + 17 + (-8 - 0)?
7
What is the value of 2 - ((0 - (-2 - -4)) + 0)?
4
-1 + (-9 - -6 - (0 + -1))
-3
What is (1 + 0 - (7 - 4)) + 7?
5
-1 + 1 + -1 - -2
1
What is 3 + (-8 - 0) + 1?
-4
Evaluate (1 - (-1 + -4)) + -2 + 0.
4
-9 - (-2 - (-8 + 17))
2
Calculate -8 - -12 - (1 - -4).
-1
What is 0 + 0 + -2 + 5?
3
What is 1 - (0 - 5) - (-43 + 45)?
4
Calculate -2 + -3 + (7 - (-6 + 3)).
5
Evaluate (7 - 2) + (30 - 36).
-1
What is -5 - (-5 + 2 - 3 - -5)?
-4
Evaluate 0 - (2 + 2 + 4 + -3).
-5
0 + 1 + 0 - (0 - 2)
3
Calculate 0 - 3 - (-17 + 16).
-2
Calculate -3 + (0 + -2 + -1 - -8).
2
Calculate 9 - (-3 + -2 - -9).
5
What is the value of 0 + 1 + -21 + 19?
-1
Calculate 0 + -1 - (1 + 4 - 3).
-3
Evaluate (10 - (11 - 7)) + -6.
0
Calculate 0 + (3 - 4) + 0.
-1
-2 + 4 + 4 + -6
0
(4 + 2 + -1 - 4) + -4
-3
-9 + 16 + -13 + 10
4
What is the value of (-11 - -2) + (-2 + 1 - -5)?
-5
Evaluate 7 - (6 + -2 - 2).
5
Evaluate -1 + -3 + (-3 - (-6 + 3)).
-4
What is (9 - (6 - -2)) + 3?
4
What is -2 + 3 - (1 + -3 + 0)?
3
What is the value of 0 - (-2 - 1) - (2 + -3)?
4
What is the value of -1 + 6 - (15 + -9)?
-1
Calculate -1 - ((0 - 1 - 3) + 1).
2
What is the value of -7 + 24 + (13 - 22)?
8
92 + -82 + (0 - 4)
6
Calculate (3 - -5 - 13) + 0 + 5.
0
-3 + 2 + -3 + -2 + 4
-2
What is the value of 3 + -10 + 4 + -13 + 12?
-4
What is the value of (-7 - -22 - -1) + -8?
8
What is the value of (9 + -3 - 2) + (31 - 37)?
-2
What is (0 + -2 + 2 - 0) + 1?
1
2 + 4 + -11 - (-13 + 6)
2
What is the value of -4 - (3 - -1 - 8)?
0
1 + -2 + (2 - -5) - 3
3
What is -4 + 1 + 3 + -2?
-2
What is the value of 7 - (18 + (7 + -10 - 3))?
-5
(7 - 11) + 0 + 5 - 1
0
What is 3 - (2 - 4) - (14 + -10)?
1
Calculate (-13 - -3 - -6) + -2 + -1.
-7
Evaluate 4 + -10 + 8 + -4 + 9.
7
Evaluate (-7 + 3 - -2) + -2.
-4
Evaluate 7 - (7 + (-1 - 3)).
4
What is the value of (-3 - -1 - 2) + 1?
-3
Calculate 4 + (-4 - 3) + -2.
-5
Calculate -18 + 0 + 5 + (10 - 5).
-8
What is the value of (8 - (-5 + 25)) + 8?
-4
14 + 8 + 0 + -17
5
Evaluate 12 + -1 - (59 + -47).
-1
(3 - (7 + (6 - 5))) + -1
-6
0 + (4 - 0) + -2
2
Calculate 0 + 4 + -9 + 2.
-3
(-9 - (-7 - -2)) + -1 - -1
-4
What is -2 + (-2 + 5 - -4)?
5
What is (5 - 0) + -2 + 0?
3
Calculate -4 + -5 + -1 + 5.
-5
What is 7 + -14 + 0 + 0?
-7
Calculate 3 + -5 - (1 + -8).
5
Calculate 1 - (8 - 9 - -5).
-3
-6 + 2 + 4 + 3
3
(-7 + 3 - -5) + 1
2
(-2 - -4) + -16 + 28 + -11
3
Evaluate 9 + -25 + 3 + 9.
-4
What is 3 + 0 - (-7 - (-7 + 0))?
3
-110 + 102 - (-12 + 1)
3
Evaluate (5 - 1 - (4 + 5)) + 1.
-4
What is the value of -4 + (-4 - (-8 - -3))?
-3
What is the value of 9 + (-5 - -7 - 9)?
2
Evaluate 1 + (3 - -1) + -5 + -5.
-5
Evaluate (3 - (2 + -1)) + -1.
1
0 - (-9 + 7) - (2 - 2)
2
What is (5 - 9) + 17 + -7?
6
What is -22 + 17 - (-1 + 0) - -1?
-3
Calculate -6 - ((-2 - -6) + -10).
0
What is (-30 - -24) + 11 + -1?
4
-3 + -2 + (2 - 2) + 10
5
What is (8 - 7) + (6 - 8)?
-1
6 + (-3 - (-3 + 4))
2
What is -2 - (-3 + 7 + -13)?
7
(7 - 28) + 13 + 5
-3
Evaluate 8 + (-23 - -14) + 1 + 5.
5
What is 2 + 1 + (-62 - -67)?
8
What is the value of (1 - (-4 - 0)) + -3 - -3?
5
What is the value of 3 - 0 - 10 - (-14 + 2)?
5
Calculate (-11 - -1) + 92 + -91.
-9
Calculate -7 + (6 - -7 - 15).
-9
2 + 2 - (-7 - -11 - 6)
6
Calculate 5 - 16 - -5 - 0.
-6
What is -5 + 12 + (-3 - 1)?
3
Evaluate (4 + -7 - 3) + 2 - -15.
11
(3 - -1) + 2 + (-39 - -25)
-8
What is the value of (-3 - (3 - 0 - -1)) + 2?
-5
-4 + (6 - (3 - -1))
-2
What is 1 + 0 + (4 - (3 - 1))?
3
What is (2 - (0 - -3)) + -2 + 3?
0
(0 - 1) + 36 + -37
-2
What is the value of (-8 - -4) + (4 - -3)?
3
-8 - (-4 - -11 - 13)
-2
What is the value of -1 - (-1 - 2) - (38 + -38)?
2
Calculate 24 - 30 - (-5 - -2).
-3
(-2 - (0 - 12)) + (63 - 66)
7
What is (5 - 2) + 0 + -3 - 5?
-5
-5 - (1 + -5 - 1) - -1
1
What is 4 - (3 + 2 + 5 + 0)?
-6
Evaluate -3 - ((4 + -2 - -1) + -1).
-5
What is the value of -68 + 59 + 2 + -2?
-9
What is -9 + 4 + (6 - 1) - -7?
7
Evaluate (1 - 1 - 2) + -3.
-5
(-10 - 1 - -4) + 4
-3
Evaluate 2 - 10 - (31 + -34).
-5
(19 - 20) + 0 + -7
-8
Calculate (-3 - (0 + -10)) + -2 + 0.
5
What is 5 - (-4 - (-8 + 1 + 2))?
4
1 + 17 + 52 + -62
8
1 + (1 - -1) - (-5 - -9)
-1
What is (6 - (4 + 1)) + 5?
6
Evaluate -7 + (14 - (-1 + 4)).
4
Evaluate -2 + 4 + 0 + -1 - 4.
-3
What is the value of 11 - (4 - 13 - -14)?
6
What is the value of ((-4 - -3) + 3 - 7) + 2?
-3
27 - 20 - (-2 - -5)
4
(14 - 15) + (-6 + 0 - 1)
-8
Calculate -5 - (3 + -9 - -5).
-4
What is the value of 2 - (5 + -5) - (2 - -1)?
-1
-4 + -3 + 3 + 9
5
What is 6 + 0 - (5 - (1 - 5))?
-3